{"id":496,"date":"2015-03-04T21:28:55","date_gmt":"2015-03-04T20:28:55","guid":{"rendered":"http:\/\/reuters-fritzen.de\/?page_id=496"},"modified":"2019-11-25T15:08:17","modified_gmt":"2019-11-25T14:08:17","slug":"band-biografie","status":"publish","type":"page","link":"http:\/\/reuters-fritzen.de\/?page_id=496","title":{"rendered":"Band Biografie"},"content":{"rendered":"<p><a href=\"http:\/\/reuters-fritzen.de\/wp-content\/uploads\/2015\/03\/RFBio.jpg\"><img loading=\"lazy\" decoding=\"async\" class=\"alignnone size-medium wp-image-497\" src=\"http:\/\/reuters-fritzen.de\/wp-content\/uploads\/2015\/03\/RFBio-500x375.jpg\" alt=\"RFBio\" width=\"500\" height=\"375\" srcset=\"http:\/\/reuters-fritzen.de\/wp-content\/uploads\/2015\/03\/RFBio-500x375.jpg 500w, http:\/\/reuters-fritzen.de\/wp-content\/uploads\/2015\/03\/RFBio.jpg 550w\" sizes=\"auto, (max-width: 500px) 100vw, 500px\" \/><\/a><\/p>\n<p>&nbsp;<\/p>\n<p><span style=\"color: #00ff00;\">Alles begann 1989&nbsp;nach der gro\u00dfen Trennung<\/span><\/p>\n<p><span style=\"color: #00ff00;\">&nbsp;Hier im Kl\u00fctzerwinkel begeneten sich manche von uns zum ersten Mal.<\/span><\/p>\n<p><span style=\"color: #00ff00;\">&nbsp;\u00c4u\u00dferlichkeiten waren uns damals schon egal.<\/span><\/p>\n<p><span style=\"color: #00ff00;\">&nbsp;Wir kletterten \u00fcber unsere Gartenz\u00e4une und Hecken.<\/span><\/p>\n<p><span style=\"color: #00ff00;\">&nbsp;Wir halfen uns gegenseitig bei der Arbeit, feierten zusammen, fingen wedder mit Plattd\u00fctsch schnacken an und mischten unsere Liedersaat.<\/span><\/p>\n<p><span style=\"color: #00ff00;\">&nbsp;Aus der Monokultur wurde eine bunte Vielfalt, und die musikalische Saat breitete sich immer schneller aus.<\/span><\/p>\n<p><span style=\"color: #00ff00;\">&nbsp;Heute wird nicht \u00fcber Unkr\u00e4uter diskutiert und die Mauern und Z\u00e4une sind l\u00e4ngst rausgerissen. Die Fr\u00fcchte werden frei Haus geliefert.<\/span><\/p>\n<p><span style=\"color: #00ff00;\">&nbsp;Nat\u00fcrlich von den G\u00e4rtnern ganz pers\u00f6nlich.<\/span><\/p>\n<p align=\"left\"><span style=\"color: #00ff00;\">&nbsp;Die Leute sagen von &#8222;Reuters Fritzen&#8220;<\/span><\/p>\n<h2 lang=\"de-DE\"><span style=\"font-size: small;\"><b>Biografie von Reuters Fritzen<\/b><\/span><\/h2>\n<h2 lang=\"de-DE\"><span style=\"font-size: small;\">Reuters Fritzen machen seit 1999 zusammen Musik.<\/span><\/h2>\n<h2 lang=\"de-DE\"><span style=\"font-size: small;\">Damals trafen sie sich mit vielen anderen Musikern im Klausner in Tarnewitz zur Musikersession.<\/span><\/h2>\n<h2 lang=\"de-DE\"><span style=\"font-size: small;\">Diese Session nannte sich Zwosomo.(zweiter Sonntag im Monat). Es trafen sich regelm\u00e4\u00dfig bis zu 20 Musiker.<\/span><\/h2>\n<h2 lang=\"de-DE\"><span style=\"font-size: small;\">Unter ihnen waren auch Roland , Boris, Thomas und B\u00e4rchen. 2001 traten die Vier dann zum ersten Mal auf,machten Stra\u00dfenmusik und spielten auf M\u00e4rkten und Volksfesten.<\/span><\/h2>\n<h2 lang=\"de-DE\"><span style=\"font-size: small;\">Sie nannten sich Ecki, Sigi und G\u00fcnni von de Werft, Mecklenburger Kuhfladenquartett oder ganze Dosis. Manchmal nennen sie sich heute noch so. <\/span><\/h2>\n<h2 lang=\"de-DE\"><span style=\"font-size: small;\">Da in ihrem Programm auch viele lustige Lieder in plattdeutscher Mundart vorkommen, bekamen die Jungs bald den Namen &#8222;Reuters Fritzen&#8220; zugerufen.<\/span><\/h2>\n<h2 lang=\"de-DE\"><span style=\"font-size: small;\">Dieser Name wurde dann schnell zum Markenzeichen der vier Jungs. 2006 kam ihre erste CD &#8220; Polarlichter am Kachelofen&#8220; heraus.<\/span><\/h2>\n<h2 lang=\"de-DE\"><span style=\"font-size: small;\">Seit 2007 spielt Thomas nun nicht mehr mit, da er sich zunehmend durch die vielen Aufritte mit den Fritzen nicht mehr auf seine eigentlichen musikalischen Arbeiten konzentrieren konnte. F\u00fcr ihn spielt Sebastian nun seit Anfang 2007 bei den Reuters Fritzen einen Kontrabass, vom feinsten.<br \/>\n<\/span><\/h2>\n<h2 lang=\"de-DE\"><span style=\"font-size: small;\">Heute spielen Reuters Fritzen auf vielen Veranstaltungen. Unter anderem auch schon \u00f6fter auf dem Elbhangfest in Dresden, weihnachtsmarkt rostock, wismar, l\u00fcbeck und auf etlichen stadtfesten. aber am leevste sp\u00f6lln wi bi juch inne gaudn stuv und wenn schie w\u00fcstet in weveel gaude stuvs wii schon all sp\u00f6\u00f6lt h\u00e4d, denn werd schie all platt.<br \/>\n<\/span><\/h2>\n<h2 lang=\"de-DE\"><span style=\"font-size: small;\">Die Markenzeichen der Fritzen sind unter anderem, dass sie vierstimmig singen, fast alle Songs selber schreiben, auf ein Programm zur\u00fcckgreifen k\u00f6nnen das von 4 bis 100 jedes Alter anspricht, Teenager mit plattdeutschen Songs vom Hocker rei\u00dfen k\u00f6nnen und auf eine einf\u00fchlsame Art ihre Musik dem Publikum darbieten.<\/span><\/h2>\n<h2 lang=\"de-DE\"><span style=\"font-size: small;\">Zwischen den Songs wird lustig hin- und her moderiert. Der Kontakt zum Publikum ist den Reuters Fritzen immer sehr wichtig.<\/span><\/h2>\n<h2 lang=\"de-DE\"><span style=\"font-size: small;\">Reuters Fritzen spielen fast immer ohne Strom, Mikrofon und Verst\u00e4rkung. <\/span><\/h2>\n<h2 lang=\"de-DE\"><span style=\"font-size: small;\">Im Fr\u00fchjahr 2009 kam ihre zweite CD &#8222;Mit der Schwalbe an die Ostsee&#8220; heraus und es wurde ein zweiter Kontrabassist, Florian Galow, eingespielt. Er springt heute noch gerne ein, wenn mal wer nicht kann.<br \/>\n<\/span><\/h2>\n<h2 lang=\"de-DE\"><span style=\"font-size: small;\">2012 produzierten die Fritzen das Album &#8222;Fertig machen&#8220;.&nbsp;<\/span><\/h2>\n<h2 lang=\"de-DE\"><span style=\"font-size: small;\"> Im Juli 2016 erschien nun die neue aktuelle Live-CD &#8222;Du und ich bei Claudia&#8220;, aufgenommen in der &#8222;Alten H\u00e4uslerei&#8220; in Boltenhagen. Dort spielen die Reuters Fritzen jedes Jahr von Mai bis September an jedem Mittwoch. das war eine sch\u00f6ne zeit leider ist dies auch vorbei.<br \/>\n<\/span><\/h2>\n<p>seit 2015 spielt dirk oberbeck als springer f\u00fcr boris, roland, oder b\u00e4rchen ein. als multiinstrumentalist und auch songwriter sind die fritzen froh ihn mit doarbi tau hebbn.<\/p>\n<p>&nbsp;<\/p>\n<p>Ansosten zuckeln die Fritzen quer durchs Land, musizieren hier und da, und sind f\u00fcr jeden Bl\u00f6dsinn zu haben. wi habb dat nich so mittn iternett, aver wi sp\u00f6\u00f6ln und sp\u00f6\u00f6ln und sp\u00f6\u00f6ln, wat dat t\u00fcch holt und wi h\u00e4\u00e4p so veele freunde di wi in \u00e4cht kenn tun.<\/p>\n<h2 lang=\"de-DE\"><span style=\"font-size: small;\">Reuters Fritzen spielen Mandoline, Konzertgarre, Djemb\u00e9, Cajon, Westerngitarre und Kontrabass.<\/span><\/h2>\n<h2 lang=\"de-DE\"><span style=\"font-size: small;\">Alle vier singen.<\/span><\/h2>\n","protected":false},"excerpt":{"rendered":"<p>&nbsp; Alles begann 1989&nbsp;nach der gro\u00dfen Trennung &nbsp;Hier im Kl\u00fctzerwinkel begeneten sich manche von uns zum ersten Mal. &nbsp;\u00c4u\u00dferlichkeiten waren uns damals schon egal. &nbsp;Wir kletterten \u00fcber unsere Gartenz\u00e4une und [&hellip;]<\/p>\n","protected":false},"author":1,"featured_media":0,"parent":0,"menu_order":0,"comment_status":"closed","ping_status":"closed","template":"","meta":{"ngg_post_thumbnail":0,"footnotes":""},"class_list":["post-496","page","type-page","status-publish","hentry"],"_links":{"self":[{"href":"http:\/\/reuters-fritzen.de\/index.php?rest_route=\/wp\/v2\/pages\/496","targetHints":{"allow":["GET"]}}],"collection":[{"href":"http:\/\/reuters-fritzen.de\/index.php?rest_route=\/wp\/v2\/pages"}],"about":[{"href":"http:\/\/reuters-fritzen.de\/index.php?rest_route=\/wp\/v2\/types\/page"}],"author":[{"embeddable":true,"href":"http:\/\/reuters-fritzen.de\/index.php?rest_route=\/wp\/v2\/users\/1"}],"replies":[{"embeddable":true,"href":"http:\/\/reuters-fritzen.de\/index.php?rest_route=%2Fwp%2Fv2%2Fcomments&post=496"}],"version-history":[{"count":7,"href":"http:\/\/reuters-fritzen.de\/index.php?rest_route=\/wp\/v2\/pages\/496\/revisions"}],"predecessor-version":[{"id":1510,"href":"http:\/\/reuters-fritzen.de\/index.php?rest_route=\/wp\/v2\/pages\/496\/revisions\/1510"}],"wp:attachment":[{"href":"http:\/\/reuters-fritzen.de\/index.php?rest_route=%2Fwp%2Fv2%2Fmedia&parent=496"}],"curies":[{"name":"wp","href":"https:\/\/api.w.org\/{rel}","templated":true}]}}

<p><a href="http://reuters-fritzen.de/wp-content/uploads/2015/03/RFBio.jpg"><img loading="lazy" decoding="async" class="alignnone size-medium wp-image-497" src="http://reuters-fritzen.de/wp-content/uploads/2015/03/RFBio-500x375.jpg" alt="RFBio" width="500" height="375" srcset="http://reuters-fritzen.de/wp-content/uploads/2015/03/RFBio-500x375.jpg 500w, http://reuters-fritzen.de/wp-content/uploads/2015/03/RFBio.jpg 550w" sizes="auto, (max-width: 500px) 100vw, 500px" /></a></p>
<p>&nbsp;</p>
<p><span style="color: #00ff00;">Alles begann 1989&nbsp;nach der großen Trennung</span></p>
<p><span style="color: #00ff00;">&nbsp;Hier im Klützerwinkel begeneten sich manche von uns zum ersten Mal.</span></p>
<p><span style="color: #00ff00;">&nbsp;Äußerlichkeiten waren uns damals schon egal.</span></p>
<p><span style="color: #00ff00;">&nbsp;Wir kletterten über unsere Gartenzäune und Hecken.</span></p>
<p><span style="color: #00ff00;">&nbsp;Wir halfen uns gegenseitig bei der Arbeit, feierten zusammen, fingen wedder mit Plattdütsch schnacken an und mischten unsere Liedersaat.</span></p>
<p><span style="color: #00ff00;">&nbsp;Aus der Monokultur wurde eine bunte Vielfalt, und die musikalische Saat breitete sich immer schneller aus.</span></p>
<p><span style="color: #00ff00;">&nbsp;Heute wird nicht über Unkräuter diskutiert und die Mauern und Zäune sind längst rausgerissen. Die Früchte werden frei Haus geliefert.</span></p>
<p><span style="color: #00ff00;">&nbsp;Natürlich von den Gärtnern ganz persönlich.</span></p>
<p align="left"><span style="color: #00ff00;">&nbsp;Die Leute sagen von &#8222;Reuters Fritzen&#8220;</span></p>
<h2 lang="de-DE"><span style="font-size: small;"><b>Biografie von Reuters Fritzen</b></span></h2>
<h2 lang="de-DE"><span style="font-size: small;">Reuters Fritzen machen seit 1999 zusammen Musik.</span></h2>
<h2 lang="de-DE"><span style="font-size: small;">Damals trafen sie sich mit vielen anderen Musikern im Klausner in Tarnewitz zur Musikersession.</span></h2>
<h2 lang="de-DE"><span style="font-size: small;">Diese Session nannte sich Zwosomo.(zweiter Sonntag im Monat). Es trafen sich regelmäßig bis zu 20 Musiker.</span></h2>
<h2 lang="de-DE"><span style="font-size: small;">Unter ihnen waren auch Roland , Boris, Thomas und Bärchen. 2001 traten die Vier dann zum ersten Mal auf,machten Straßenmusik und spielten auf Märkten und Volksfesten.</span></h2>
<h2 lang="de-DE"><span style="font-size: small;">Sie nannten sich Ecki, Sigi und Günni von de Werft, Mecklenburger Kuhfladenquartett oder ganze Dosis. Manchmal nennen sie sich heute noch so. </span></h2>
<h2 lang="de-DE"><span style="font-size: small;">Da in ihrem Programm auch viele lustige Lieder in plattdeutscher Mundart vorkommen, bekamen die Jungs bald den Namen &#8222;Reuters Fritzen&#8220; zugerufen.</span></h2>
<h2 lang="de-DE"><span style="font-size: small;">Dieser Name wurde dann schnell zum Markenzeichen der vier Jungs. 2006 kam ihre erste CD &#8220; Polarlichter am Kachelofen&#8220; heraus.</span></h2>
<h2 lang="de-DE"><span style="font-size: small;">Seit 2007 spielt Thomas nun nicht mehr mit, da er sich zunehmend durch die vielen Aufritte mit den Fritzen nicht mehr auf seine eigentlichen musikalischen Arbeiten konzentrieren konnte. Für ihn spielt Sebastian nun seit Anfang 2007 bei den Reuters Fritzen einen Kontrabass, vom feinsten.<br />
</span></h2>
<h2 lang="de-DE"><span style="font-size: small;">Heute spielen Reuters Fritzen auf vielen Veranstaltungen. Unter anderem auch schon öfter auf dem Elbhangfest in Dresden, weihnachtsmarkt rostock, wismar, lübeck und auf etlichen stadtfesten. aber am leevste spölln wi bi juch inne gaudn stuv und wenn schie wüstet in weveel gaude stuvs wii schon all spöölt häd, denn werd schie all platt.<br />
</span></h2>
<h2 lang="de-DE"><span style="font-size: small;">Die Markenzeichen der Fritzen sind unter anderem, dass sie vierstimmig singen, fast alle Songs selber schreiben, auf ein Programm zurückgreifen können das von 4 bis 100 jedes Alter anspricht, Teenager mit plattdeutschen Songs vom Hocker reißen können und auf eine einfühlsame Art ihre Musik dem Publikum darbieten.</span></h2>
<h2 lang="de-DE"><span style="font-size: small;">Zwischen den Songs wird lustig hin- und her moderiert. Der Kontakt zum Publikum ist den Reuters Fritzen immer sehr wichtig.</span></h2>
<h2 lang="de-DE"><span style="font-size: small;">Reuters Fritzen spielen fast immer ohne Strom, Mikrofon und Verstärkung. </span></h2>
<h2 lang="de-DE"><span style="font-size: small;">Im Frühjahr 2009 kam ihre zweite CD &#8222;Mit der Schwalbe an die Ostsee&#8220; heraus und es wurde ein zweiter Kontrabassist, Florian Galow, eingespielt. Er springt heute noch gerne ein, wenn mal wer nicht kann.<br />
</span></h2>
<h2 lang="de-DE"><span style="font-size: small;">2012 produzierten die Fritzen das Album &#8222;Fertig machen&#8220;.&nbsp;</span></h2>
<h2 lang="de-DE"><span style="font-size: small;"> Im Juli 2016 erschien nun die neue aktuelle Live-CD &#8222;Du und ich bei Claudia&#8220;, aufgenommen in der &#8222;Alten Häuslerei&#8220; in Boltenhagen. Dort spielen die Reuters Fritzen jedes Jahr von Mai bis September an jedem Mittwoch. das war eine schöne zeit leider ist dies auch vorbei.<br />
</span></h2>
<p>seit 2015 spielt dirk oberbeck als springer für boris, roland, oder bärchen ein. als multiinstrumentalist und auch songwriter sind die fritzen froh ihn mit doarbi tau hebbn.</p>
<p>&nbsp;</p>
<p>Ansosten zuckeln die Fritzen quer durchs Land, musizieren hier und da, und sind für jeden Blödsinn zu haben. wi habb dat nich so mittn iternett, aver wi spööln und spööln und spööln, wat dat tüch holt und wi hääp so veele freunde di wi in ächt kenn tun.</p>
<h2 lang="de-DE"><span style="font-size: small;">Reuters Fritzen spielen Mandoline, Konzertgarre, Djembé, Cajon, Westerngitarre und Kontrabass.</span></h2>
<h2 lang="de-DE"><span style="font-size: small;">Alle vier singen.</span></h2>

<p>&nbsp; Alles begann 1989&nbsp;nach der großen Trennung &nbsp;Hier im Klützerwinkel begeneten sich manche von uns zum ersten Mal. &nbsp;Äußerlichkeiten waren uns damals schon egal. &nbsp;Wir kletterten über unsere Gartenzäune und [&hellip;]</p>
