{"id":473,"date":"2015-03-04T19:28:39","date_gmt":"2015-03-04T18:28:39","guid":{"rendered":"http:\/\/reuters-fritzen.de\/?page_id=473"},"modified":"2016-08-09T16:12:22","modified_gmt":"2016-08-09T15:12:22","slug":"mit-der-schwalbe-an-die-ostsee","status":"publish","type":"page","link":"http:\/\/reuters-fritzen.de\/?page_id=473","title":{"rendered":"Mit der Schwalbe an die Ostsee"},"content":{"rendered":"<h1><strong>Die CD ist leider Ausverkauft!!!<\/strong>!!!<\/h1>\n<p><a href=\"http:\/\/reuters-fritzen.de\/wp-content\/uploads\/2015\/03\/CD3_Schwalbe_Reuters_F.jpg\"><img loading=\"lazy\" decoding=\"async\" class=\"alignnone wp-image-474\" src=\"http:\/\/reuters-fritzen.de\/wp-content\/uploads\/2015\/03\/CD3_Schwalbe_Reuters_F.jpg\" alt=\"Booklet_1.qxp\" width=\"556\" height=\"552\" srcset=\"http:\/\/reuters-fritzen.de\/wp-content\/uploads\/2015\/03\/CD3_Schwalbe_Reuters_F.jpg 686w, http:\/\/reuters-fritzen.de\/wp-content\/uploads\/2015\/03\/CD3_Schwalbe_Reuters_F-150x150.jpg 150w, http:\/\/reuters-fritzen.de\/wp-content\/uploads\/2015\/03\/CD3_Schwalbe_Reuters_F-500x496.jpg 500w, http:\/\/reuters-fritzen.de\/wp-content\/uploads\/2015\/03\/CD3_Schwalbe_Reuters_F-144x144.jpg 144w, http:\/\/reuters-fritzen.de\/wp-content\/uploads\/2015\/03\/CD3_Schwalbe_Reuters_F-60x60.jpg 60w\" sizes=\"auto, (max-width: 556px) 100vw, 556px\" \/><\/a><\/p>\n<p>Titelliste:<\/p>\n<table class=\" cke_show_border\" border=\"0\" cellspacing=\"1\" cellpadding=\"1\">\n<tbody>\n<tr>\n<td>\u00a0 1<\/td>\n<td>\u00a0<strong> Ei drei durch<\/strong><em><br \/>\n<\/em><\/td>\n<td><\/td>\n<\/tr>\n<tr>\n<td>\u00a0 2<\/td>\n<td>\u00a0 <strong>Dumperwilli<\/strong><\/td>\n<td><a href=\"http:\/\/reuters-fritzen.de\/wp-content\/uploads\/2015\/03\/Scannen0004.jpg\">\u00a0text<\/a><\/td>\n<\/tr>\n<tr>\n<td>\u00a0 3<\/td>\n<td><strong>\u00a0 Wenn hier ein Pott mit Bohnen steiht<br \/>\n<\/strong><\/td>\n<td><\/td>\n<\/tr>\n<tr>\n<td>\u00a0 4<\/td>\n<td><em>\u00a0<\/em> <strong>Orkan Uschi<\/strong><\/td>\n<td><\/td>\n<\/tr>\n<tr>\n<td>\u00a0 5<\/td>\n<td>\u00a0<strong> G\u00e4nse schn\u00e4bel schn\u00e4bel<\/strong><\/td>\n<td><\/td>\n<\/tr>\n<tr>\n<td>\u00a0 6<\/td>\n<td>\u00a0 <strong>Der Sommer ist vorbei<\/strong><\/td>\n<td><\/td>\n<\/tr>\n<tr>\n<td>\u00a0 7<\/td>\n<td>\u00a0 <strong>Weisst du eigentlich wirklich<\/strong><\/td>\n<td><\/td>\n<\/tr>\n<tr>\n<td>\u00a0 8<\/td>\n<td>\u00a0<strong> Mach dir keinen Kopp<\/strong><\/td>\n<td><\/td>\n<\/tr>\n<tr>\n<td>\u00a0 9<\/td>\n<td>\u00a0 <strong>Zun Azt<\/strong><\/td>\n<td><a href=\"http:\/\/reuters-fritzen.de\/wp-content\/uploads\/2015\/03\/Scannen0003.jpg\">\u00a0text<\/a><\/td>\n<\/tr>\n<tr>\n<td>\u00a010<\/td>\n<td>\u00a0 <strong>Polarlichter<\/strong><\/td>\n<td><\/td>\n<\/tr>\n<tr>\n<td>\u00a011<\/td>\n<td><em>\u00a0 <\/em><strong>L\u00e4uft doch oder wat<\/strong><em><br \/>\n<\/em><\/td>\n<td><\/td>\n<\/tr>\n<tr>\n<td>\u00a012<\/td>\n<td>\u00a0 <strong>Eskimo<\/strong><\/td>\n<td><\/td>\n<\/tr>\n<tr>\n<td>\u00a013<\/td>\n<td>\u00a0 <strong>Gib Gas<\/strong><\/td>\n<td><\/td>\n<\/tr>\n<tr>\n<td>\u00a014<\/td>\n<td>\u00a0 <strong>S\u00fc\u00dfen<\/strong><\/td>\n<td><a href=\"http:\/\/reuters-fritzen.de\/wp-content\/uploads\/2015\/03\/Scannen0002.jpg\">\u00a0text<\/a><\/td>\n<\/tr>\n<tr>\n<td><\/td>\n<td><audio class=\"wp-audio-shortcode\" id=\"audio-473-1\" preload=\"none\" style=\"width: 100%;\" controls=\"controls\"><source type=\"audio\/mpeg\" src=\"http:\/\/reuters-fritzen.de\/wp-content\/uploads\/2015\/03\/sussenint.mp3?_=1\" \/><a href=\"http:\/\/reuters-fritzen.de\/wp-content\/uploads\/2015\/03\/sussenint.mp3\">http:\/\/reuters-fritzen.de\/wp-content\/uploads\/2015\/03\/sussenint.mp3<\/a><\/audio><\/td>\n<td><\/td>\n<\/tr>\n<tr>\n<td>\u00a015<\/td>\n<td><strong>\u00a0 Selbstbeschreibung<br \/>\n<\/strong><\/td>\n<td><\/td>\n<\/tr>\n<tr>\n<td>\u00a016<\/td>\n<td>\u00a0 <strong>Keen Tiet<\/strong><\/td>\n<td><a href=\"http:\/\/reuters-fritzen.de\/wp-content\/uploads\/2015\/03\/Scannen0001.jpg\">\u00a0text<\/a><\/td>\n<\/tr>\n<tr>\n<td>\u00a017<\/td>\n<td><strong>\u00a0 P\u00e4nni liedel alldie (Live)<br \/>\n<\/strong><\/td>\n<td><\/td>\n<\/tr>\n<tr>\n<td>\u00a018<\/td>\n<td><em>\u00a0 <\/em><strong>Lesungen<\/strong><\/td>\n<td><\/td>\n<\/tr>\n<\/tbody>\n<\/table>\n<h1><strong>Die CD ist leider Ausverkauft!!!!!!<\/strong><\/h1>\n<p>&nbsp;<\/p>\n<p>&nbsp;<\/p>\n<h2><\/h2>\n<p>&nbsp;<\/p>\n","protected":false},"excerpt":{"rendered":"<p>Die CD ist leider Ausverkauft!!!!!! Titelliste: \u00a0 1 \u00a0 Ei drei durch \u00a0 2 \u00a0 Dumperwilli \u00a0text \u00a0 3 \u00a0 Wenn hier ein Pott mit Bohnen steiht \u00a0 4 \u00a0 [&hellip;]<\/p>\n","protected":false},"author":1,"featured_media":0,"parent":0,"menu_order":0,"comment_status":"closed","ping_status":"closed","template":"","meta":{"ngg_post_thumbnail":0,"footnotes":""},"class_list":["post-473","page","type-page","status-publish","hentry"],"_links":{"self":[{"href":"http:\/\/reuters-fritzen.de\/index.php?rest_route=\/wp\/v2\/pages\/473","targetHints":{"allow":["GET"]}}],"collection":[{"href":"http:\/\/reuters-fritzen.de\/index.php?rest_route=\/wp\/v2\/pages"}],"about":[{"href":"http:\/\/reuters-fritzen.de\/index.php?rest_route=\/wp\/v2\/types\/page"}],"author":[{"embeddable":true,"href":"http:\/\/reuters-fritzen.de\/index.php?rest_route=\/wp\/v2\/users\/1"}],"replies":[{"embeddable":true,"href":"http:\/\/reuters-fritzen.de\/index.php?rest_route=%2Fwp%2Fv2%2Fcomments&post=473"}],"version-history":[{"count":9,"href":"http:\/\/reuters-fritzen.de\/index.php?rest_route=\/wp\/v2\/pages\/473\/revisions"}],"predecessor-version":[{"id":1310,"href":"http:\/\/reuters-fritzen.de\/index.php?rest_route=\/wp\/v2\/pages\/473\/revisions\/1310"}],"wp:attachment":[{"href":"http:\/\/reuters-fritzen.de\/index.php?rest_route=%2Fwp%2Fv2%2Fmedia&parent=473"}],"curies":[{"name":"wp","href":"https:\/\/api.w.org\/{rel}","templated":true}]}}